 the prime factors of 156/p*-3 - 2/3.
2
Let o be (-203)/(-4)*(-616)/(-14). Let r = o + -1305. List the prime factors of r.
2, 29
Let b = 53431 + -36466. What are the prime factors of b?
3, 5, 13, 29
Let d(y) = y**2 + 6*y + 9. Let v be d(-6). Let c = 5494 - 5491. Suppose -159 = v*z - 10*z - c*m, 4*z + 3*m = 600. List the prime factors of z.
3, 7
Suppose -334*f + 332*f = -4*g - 78292, 4*f - 156560 = 2*g. What are the prime factors of f?
2, 3, 11, 593
Suppose -3122 - 38451 = -7*s. What are the prime factors of s?
5939
Suppose 2*b - 138 = -92. What are the prime factors of (-69)/b*397/9*-3?
397
Let x(c) be the second derivative of 25*c**3/6 - 29*c**2/2 + 326*c + 7. Let s(g) = -g**3 + g**2 - g + 11. Let f be s(0). List the prime factors of x(f).
2, 3, 41
Let d be 12/54 + 16/9. Suppose -3*q = 3*b + q - 2848, d*b - 1887 = -5*q. Suppose 8*c - 196 - b = 0. What are the prime factors of c?
2, 3
Let f(l) = -4523*l - 222. What are the prime factors of f(-8)?
2, 17981
Suppose 58*k - 3*n + 27464 = 62*k, 2*k - 4*n = 13732. List the prime factors of k.
2, 3433
List the prime factors of (1060/1590)/((4/30)/(13822/10)).
6911
Suppose -3*v + 2*h = -3642 + 647, v - 2*h - 1005 = 0. Suppose 5*g - 2*l = v + 472, 2*g + 3*l = 602. List the prime factors of g.
5, 59
Suppose 0 = 5*d - 10. Suppose 0 = -5*v - 5, 5*r = -d*v - 75 + 1308. List the prime factors of r.
13, 19
Suppose -2*d - 321 = -5*f + 3823, d = 5*f - 4142. List the prime factors of f.
2, 3, 23
Let r(x) = -x**2 + 2*x. Let k be r(3). Let l = k + 5. Suppose -u + l*c = -2*u + 129, 2*u + 2*c = 266. What are the prime factors of u?
137
Let h(d) = -6 + 74*d**3 - 72*d**3 - 11 + 9*d + 6*d**2. What are the prime factors of h(6)?
5, 137
Let p(r) = -r**3 - 31*r**2 - 101*r - 2111. What are the prime factors of p(-43)?
2, 3, 5, 11, 37
Let f(x) = -5*x**3 - 16*x**2 + 3*x - 26. Let v(a) = -2*a**3 - 8*a**2 + a - 13. Let o(k) = -4*f(k) + 9*v(k). List the prime factors of o(6).
113
Let d = 5852 - 674. What are the prime factors of d?
2, 3, 863
Suppose 11*s + 25 = -107. Let j be 767/78 - 2/s. Suppose 0 = -j*m + 15*m - 515. List the prime factors of m.
103
Let s(f) = -f**3 + 9*f**2 - 3*f + 2. Let p be s(6). Let v = p + -87. Suppose 321 = -v*w + 881. What are the prime factors of w?
2, 7
Suppose 65 = -0*t + t. Suppose -v + 121 + t = 0. Suppose -4*i + m + v = -2*m, -m + 2 = 0. List the prime factors of i.
2, 3
Suppose 0 = -r + 4, 0 = 2*t - 4*t - 3*r + 1524. Suppose 4*w - t = -4*l, -3*l + 4*l = -3*w + 187. What are the prime factors of l?
2, 5, 19
Let t be (3/2 - (-7)/2) + -3. Suppose -3*h + 288 = 3*c, -h + 5*h = -t*c + 182. List the prime factors of c.
101
Let c(b) be the third derivative of b**6/40 - b**5/30 - b**4/24 - b**3/3 + 17*b**2. Let d be c(2). List the prime factors of (-83)/(-2) - (-6)/d.
2, 3, 7
Let s(h) = h**3 + 15*h**2 + 5. Let l be s(-15). Suppose 0 = g - p - 71 - 33, 316 = 3*g - l*p. Let a = -47 + g. List the prime factors of a.
5, 11
Suppose -377*a + 59220 = -370*a. What are the prime factors of a?
2, 3, 5, 47
Let g be (16/3 - 1/3) + 19856. Suppose -19*k + g = 2419. List the prime factors of k.
2, 3, 17
Suppose 2*h + 1147 = 2785. Let u = 446 + h. List the prime factors of u.
5, 11, 23
Suppose -15*f - 6*f - 11*f + 1615232 = 0. List the prime factors of f.
2, 12619
Let a(j) = j**3 + 17*j**2 + 41*j - 8. Let h be a(-14). What are the prime factors of ((-52)/h*2)/(20/(-30))?
2, 13
Let p = 814 + -2573. Let r = -1033 - p. What are the prime factors of r?
2, 3, 11
What are the prime factors of ((5429/((-4)/(-4)))/2)/(3/30)?
5, 61, 89
Let l be 9*(-1688)/(-120) + (-4)/(-10). Let s = -41 - l. Let z = 337 + s. What are the prime factors of z?
13
Suppose -2*r - 3*j = -10043 - 16699, -4*j = -24. What are the prime factors of r?
2, 3, 17, 131
Suppose 90*q + 20 = 80*q. List the prime factors of 394 - (25/10 - q/(-4)).
2, 7
Suppose -66*v - 20 = -70*v. Suppose 3*o = -v*x - 873, -3*x + 960 + 233 = -4*o. Let g = -153 - o. List the prime factors of g.
11, 13
Suppose 11*g - 37 = 7. Suppose -g*w = -7*w + 1020. List the prime factors of w.
2, 5, 17
Suppose 0 = 7568*b - 7589*b + 607194. What are the prime factors of b?
2, 3, 61, 79
Let f(u) = 3*u + 34. Suppose -5*s - 21 + 3 = -b, b - 6 = s. Suppose 4*i - 26 = 3*z, b*i = -5 + 2. List the prime factors of f(z).
2
Suppose 0*i + 1049 = 2*h + i, 2630 = 5*h + 4*i. Let y = 792 - h. What are the prime factors of y?
2, 3, 5
Let k(o) = -o**2 + 8*o - 1 - o**3 - 17*o - 5. Let z be k(-5). Let i = 255 - z. List the prime factors of i.
2, 29
Suppose 2*s - 4*k - 10446 = -2368, 2*k = -2*s + 8102. What are the prime factors of s?
3, 19, 71
Let g(l) = 48*l + 2. Let r be g(-6). Suppose 832 = -2*o + 5*j, 119*j = 124*j + 20. Let c = r - o. List the prime factors of c.
2, 5, 7
Suppose -655*y + 654*y = -445. What are the prime factors of (6 - -1) + -2 + y?
2, 3, 5
Let r = 33913 - 6695. List the prime factors of r.
2, 31, 439
Let t(w) = -13*w. Let c(i) = 13*i. Let x(a) = -5*c(a) - 4*t(a). Let z be x(1). What are the prime factors of 39/z - (-52 - 1)?
2, 5
Suppose 3*d - 61 = 2*y + 16, 3*d = -3*y + 72. Let u be 32/(-56) + d/7. Suppose -3*n - 456 = -3*z, u*n = -z - 0*z + 168. What are the prime factors of z?
2, 3, 13
Suppose y = -0*w + w + 1615, 4*y = -3*w + 6425. Suppose 160*f + y = 165*f. List the prime factors of f.
2, 7, 23
Suppose 224*d + 1687876 - 4994788 = 0. List the prime factors of d.
3, 7, 19, 37
Let l(s) = -s**3 - 96*s**2 - 169*s + 360. List the prime factors of l(-95).
2, 5, 739
Suppose -2*v - v = -5*k + 32, -2*v - 14 = 4*k. Let p = v + 15. Let t(d) = d**3 - 8*d**2 + 16*d - 13. List the prime factors of t(p).
11
Let j = -56 - -60. Suppose -4*r - 207 = n, -5*r + 9*n - j*n = 290. Let w = -42 - r. List the prime factors of w.
11
What are the prime factors of 3 + (892/7)/(2/28)?
1787
Suppose -4*v = 5*j - 11549, -5180 = -2*v + 4*j + 562. List the prime factors of v.
43, 67
Let r(a) = 3*a**3 - 19*a**2 - 7*a - 6. Let f be r(8). Let w = 518 - f. What are the prime factors of w?
2, 5, 13
Let f(s) = 2*s**2 - 31*s - 29. Suppose 11*t + 9 = 14*t. Let r be 185/33*t + 4/22. List the prime factors of f(r).
2, 11
Let b(a) = -3*a + 75. Let v be b(21). Suppose -v*d = 4*d - 6496. What are the prime factors of d?
2, 7, 29
Suppose 0 = s - 16683 - 1664 + 90. List the prime factors of s.
18257
Let z(w) = -2071*w + 288. What are the prime factors of z(-34)?
2, 23, 29, 53
Let i = 36955 + -21987. List the prime factors of i.
2, 1871
Suppose -2*s + 9 = -5. Suppose l + s = -3*f, 0 = 3*l - 2*l - 2*f - 8. Suppose -2*y + 154 = a - 5*a, -l*a = -3*y + 231. List the prime factors of y.
7, 11
Let x(l) = 2*l**2 - 46*l - 737. What are the prime factors of x(-84)?
17239
Suppose -5*w - 1763 = 2*u - 609, 5*u + 2947 = 3*w. Let f = u - -1095. List the prime factors of f.
2, 127
Suppose 1049899 = 355*z - 4426686. List the prime factors of z.
15427
Suppose y + 1 = 0, 5*d + y + 2 - 26 = 0. What are the prime factors of d/10 + (-690)/(-4) + -1?
2, 43
Let c = 26698 + -16889. What are the prime factors of c?
17, 577
Suppose 105 = 4*a + 3*q, 4*q - 8*q - 170 = -5*a. Let k = a - 33. List the prime factors of ((-45)/(-2))/(k/(-6)).
3, 5
Suppose -s + 4888 = m, 14664 = 3*m + 34*s - 30*s. List the prime factors of m.
2, 13, 47
Suppose -3*s = 2*b - 21857, 12*b - 15*b - 2*s + 32793 = 0. What are the prime factors of b?
13, 29
Let m(g) = 7*g**3 - 4*g**2 + 16. Let l be (-6)/(-2*12/16). What are the prime factors of m(l)?
2, 5
Let s be 6/9 + 21/9. Suppose -2*r + 5 = s. What are the prime factors of 4 - r - 4*-11?
47
Suppose -112 = 3*r + r. Let t = -32 + r. Let a = t - -189. What are the prime factors of a?
3, 43
Let m(s) = -10 + 0*s - 29*s - s. Let r be 3/((-1)/(-4) - (-13 - -14)). List the prime factors of m(r).
2, 5, 11
Let t(l) = 4722*l**3 + 71*l**2 + 7*l - 20. List the prime factors of t(2).
2, 53, 359
Let y be (-2)/4 + (-12285)/(-26). Let n = -322 + y. What are the prime factors of n?
2, 3, 5
Let o = -47 - -50. Suppose -o*w + 3*b + 30 = -0*w, -22 = -3*w - b. List the prime factors of w.
2
Suppose -2*n - 2*y - 3*y = -20, 4*n = 5*y - 20. Suppose -12*i - 14 - 22 = n. Let u(b) = 7*b**2 - 4*b - 1. List the prime factors of u(i).
2, 37
Let q(a) = 4*a**2 + 15*a + 45. Let c be q(-8). Suppose 180*p - c*p + 398 = 0. What are the prime factors of p?
2, 199
Suppose 3